4) - 158336/(-288)?
5
Let h be (-1)/(2/(-16)) - 1. Let n(p) = p**2 + 7*p - 3. Let s(l) = -3*l**2 - 22*l + 10. Let v(x) = h*n(x) + 2*s(x). What is the tens digit of v(-8)?
2
Let p(r) = -r**3 - 3*r**2 - r - 2. Let j be p(-3). Suppose 4*u + w = 2*u + 10, 2*u = 4*w. Suppose -u*i + 59 = -j. What is the units digit of i?
5
Let m(t) = t**3 + t**2 - 2*t - 25. Let h be m(0). What is the tens digit of (6*24/(-45) + 2)*h?
3
Let i be (-2 + 1)/(19/(-38)). Suppose -l = -i - 33. What is the units digit of l?
5
Let m(o) = -21*o - 6. Let b be m(-6). Let j(q) = -81*q**2 - q + 1. Let w be j(1). Let i = w + b. What is the tens digit of i?
3
Let v(i) = -3*i**3 - 12*i**2 + 12*i - 10. What is the units digit of v(-10)?
0
Let t(z) = -16*z + 20. Let g be t(13). Let k = -123 - g. Suppose -4*w = w - k. What is the units digit of w?
3
Suppose 2*h + 5*m + 16 = h, 2*h - 4*m - 10 = 0. What is the units digit of h*(4 - (3 + 40))?
9
Suppose -19456 = 73*c - 89*c. What is the hundreds digit of c?
2
Suppose 0 = -3*s - j + 10, -2*j - 8 = -2*s + s. Suppose s = -2*p, 0 = -i - 0*p - 2*p. Suppose -i*l + 2*l = -54. What is the units digit of l?
7
Suppose -136*r - 3304 = -143*r. What is the tens digit of r?
7
Suppose -s - 4*y + 9 = 0, -12*s + 11*s - 3*y + 6 = 0. Let m(x) = -x**3 - x**2 + x + 2. Let b be m(-2). What is the tens digit of s - -74*2/b?
3
Let r = 30 + -26. What is the units digit of (-140)/r*(-6 + 3)?
5
Let t(j) = 55*j - 13. Let s be t(10). Suppose -k = 5*q - 2*k - s, 5*k = 3*q - 331. What is the hundreds digit of q?
1
Let y = -2 - -6. Suppose 5*d = d - 3*t + 81, 0 = -y*d + 3*t + 63. Let i = d + -15. What is the units digit of i?
3
Let d(p) = 17*p**3 - 13*p**2 + 57*p + 6. What is the thousands digit of d(6)?
3
Suppose -3*d - 15 = -3*o, -4*o = -0*o + 3*d - 34. Let b be (450/(-35))/((-1)/o). Suppose 3*y - b = -0*y. What is the tens digit of y?
3
Suppose -6*y - 167 = 619. Let v = 7 - y. What is the hundreds digit of v?
1
What is the units digit of 10/(-1)*(-17376)/240?
4
Suppose 0*u = u. Suppose 5*l + 0*l = u. Suppose -2*r + 48 = -l*r. What is the units digit of r?
4
Suppose h + 6 = 4*h + f, 3*h = -3*f. Suppose 0 = -h*l + 74 + 115. What is the tens digit of l?
6
Suppose 4*y = 3*a - 133, 5 = -4*y + 2*a - 125. Let l be (-2)/(-1) + 98/2. Let h = l + y. What is the units digit of h?
0
Suppose -2*h + 4 = -4*h, 151 = -v - 2*h. What is the units digit of (28/v*-33)/(2/7)?
2
Let w(p) = 41*p - 9. Let a be w(7). Suppose 170 = 4*b - a. What is the units digit of b?
2
Suppose -21*m + 14*m + 1232 = 0. What is the units digit of m?
6
Let d(s) be the first derivative of s**4/4 + 5*s**3/3 - 4*s**2 + 2*s - 1. Suppose -3*g + 5*x = 18, 0 = g + 4*x - 9*x + 6. What is the units digit of d(g)?
4
Let l = -8 - -11. Let t(q) be the third derivative of q**5/60 - q**3/3 - 3*q**2 + 5*q. What is the units digit of t(l)?
7
Let w(u) = u**2 + 7*u + 5. Let l be w(-7). Suppose -k - 50 = -5*f - 21, 0 = 2*k + 8. Suppose l*o + 4*h - 3*h = 82, 76 = f*o + 3*h. What is the units digit of o?
7
Let r(u) = -u**2 - 10*u - 16. Let t be r(-9). Let g(m) = 10*m**2 + m - 2. Let z be g(-2). Let c = z + t. What is the tens digit of c?
2
Suppose 4*x - 360 = 3*t - 8*t, 2*x + t = 186. What is the units digit of x?
5
Let f(w) = -w**3 + 11*w**2 + 13*w - 10. Let g be f(12). Suppose -3 = -l - 2*v, 2*l - g*v - 22 = -2*l. What is the units digit of l/(2/(1 - -1))?
5
Suppose 0 = -f - 3*t - 2 - 1, 0 = 3*f - 4*t - 30. What is the units digit of (f/8)/3 + (-5946)/(-24)?
8
Let g(r) = -5*r**3 + 8*r**2 + 6*r + 9. Let q be g(8). What is the units digit of (-2)/6 - q/33?
0
Suppose -14*n - 117 = -11*n. Let o = 39 - n. What is the units digit of o?
8
Let t = 8 - 5. Suppose 2*h - n - t = 0, h - 2*h + 24 = -5*n. What is the tens digit of 17 - (2 + -1 + h)?
1
Let i be (-8)/(-44) - (-6)/(-33). Suppose 3*d - n = i, 0 = -5*d - 3*n + 5*n. Suppose d*o = -3*o + 39. What is the units digit of o?
3
Suppose -4299 = -4*r + 5*d, -32*r - 5420 = -37*r - 3*d. What is the thousands digit of r?
1
Let v = 85 + -77. What is the units digit of (-870)/(-4) - 12/v?
6
Let f = -3 - -6. Suppose -3*s + 5*p + 17 = 0, -3*s + f*p + 13 = 2*p. Suppose s*v + 0*v + 3*i = 27, -v + 8 = 2*i. What is the units digit of v?
6
Let o(s) = 0*s + 5*s - 2*s - 2*s + 42. What is the tens digit of o(0)?
4
Let s = -53 - -89. What is the units digit of (s + -1)*6/7?
0
Let n = -69 + 72. Suppose 5*z = n*i - 321, 0 = 5*i - 7*z + 2*z - 545. What is the units digit of i?
2
What is the units digit of (-1 + 4333)/6*(1 + 0)?
2
Suppose -5*b - 2*g - 4 = 0, 3*b - 2*g - 4 = b. Let x(u) = u**2 + 2*u + 9. What is the units digit of x(b)?
9
Let q = 35 - 17. Let p be (-80)/15*q/(-8). Suppose -p - 116 = -4*z. What is the tens digit of z?
3
Suppose -2*h - 22 = 32. Let i = h - -39. What is the units digit of i?
2
Let n be ((-24)/(-20))/((-1)/(-10)). What is the units digit of ((-1)/(3/n))/((-2)/43)?
6
Suppose -5*r + 48 = -0*x + x, 3*x = -4*r + 34. Let y = r - 5. Suppose -2*q = y*b - 43, -4*q = -0*q - 2*b - 146. What is the tens digit of q?
3
Let u(l) = 10*l - 2. Let t be u(1). Let o(x) = 6*x + 4. Let q be o(2). Let b = t + q. What is the tens digit of b?
2
Suppose -n + 0 + 6 = 0. Let u(j) = -4*j - 7. Let r(k) = -k - 1. Let w(s) = n*r(s) - u(s). What is the units digit of w(-8)?
7
Suppose -5*c + 774 = 2*w, w - 2*c - 378 = -0*c. What is the hundreds digit of w?
3
Suppose 3*u = 11*u - 8576. What is the thousands digit of u?
1
Let i(d) = 18*d + 2. Let x be i(-6). Let c = 441 - 279. Let y = x + c. What is the tens digit of y?
5
Suppose -4*b + g + 75 + 88 = 0, -5*b + 207 = 2*g. Suppose -3*z = 5*j - 184, 134 = 3*j - 4*z + b. What is the tens digit of j?
3
Let k(j) = j**2 + 6*j - 48. Let f be k(22). Let b = 814 - f. What is the units digit of b?
6
Let y = 4 + -4. Let n = 11 + y. Let m = -8 + n. What is the units digit of m?
3
Let u(z) = 34*z**2 - 36*z**2 + 17 + 5*z - 4*z. What is the tens digit of u(0)?
1
Let f(z) = 13*z**2 - 35*z - 53. Let x(q) = 3*q**2 - 9*q - 13. Let n(t) = 2*f(t) - 9*x(t). What is the tens digit of n(10)?
2
Let h be (-8)/12*-6*2. Suppose -294*l + 296*l = 56. What is the tens digit of 1576/l - h/28?
5
Let z = 3 + 38. Suppose -3*c + 15 = 45. Let d = z + c. What is the units digit of d?
1
Let n = -11 + 2. Let i be 186/n*(-6)/4. Let m = i - 17. What is the tens digit of m?
1
Suppose 0 = -d - b + 81 + 55, -3*d + b + 392 = 0. Let f = d + -72. What is the tens digit of f?
6
Suppose 3*i + 8 + 741 = 2*b, 4*b - 1473 = i. What is the units digit of b?
7
What is the units digit of (1/(12/(-8)))/(15/(-17280))?
8
Let o be (682/(-66))/((-2)/(-78)). Let k = o - -629. What is the units digit of k?
6
Let q(f) = f**3 - 8*f + 4*f - 6 + 14*f + 10*f**2. What is the tens digit of q(-5)?
6
Suppose 6*d - 8 = 4*d. Suppose u + d + 10 = 0. What is the units digit of 1/((-21)/6)*u?
4
Suppose -w - 3*r + 45 = 0, 0 = -0*w + 5*w - 5*r - 205. Suppose 3*o - 168 = 17*o. Let m = w + o. What is the units digit of m?
0
Suppose -2*m + 5*l = -4086, m - 735 - 1308 = -l. What is the tens digit of m?
4
Suppose 9*q - 6*q - 912 = -3*w, 2*q - 4*w - 602 = 0. What is the tens digit of q?
0
Let m = 36 + -29. Suppose -678 = m*h - 10*h. What is the hundreds digit of h?
2
Let t(n) = n + 1. Let r(y) = -y**2 - 3*y + 127. Let f(j) = r(j) + 5*t(j). What is the tens digit of f(0)?
3
Let m(x) = 20*x - 16. Let v be m(1). Suppose -s - 4*r = -242, -5*s + 4*r + 1090 = -0*r. Suppose 4*c = 2*z + s, -3 = v*z - 7. What is the units digit of c?
6
Let p = 380 - -285. What is the units digit of p?
5
Suppose g + 4 = 4*x, x + 8*g - 22 = 3*g. Suppose 4 = x*y - 4*y. Let v = y + 15. What is the tens digit of v?
1
Let x = 53 + -51. Suppose 0 = -2*f + 4*f + x, 4*s + f - 115 = 0. What is the tens digit of s?
2
Suppose -4*x + x + 3 = d, -2*x = -2*d + 6. Suppose 5*o + 5*y - 330 = x, 5*o - 2*y - 547 = -182. What is the tens digit of o?
7
Suppose 43*f - 3*p - 815 = 41*f, 5*f + 2*p = 2047. What is the tens digit of f?
0
Let u be (-2)/(-14) + 220/77. Suppose u*f + 5*z = 2*z + 12, 2*f - 5*z = 1. Suppose f*j - 40 - 59 = 0. What is the units digit of j?
3
Suppose -4*q + 4 = 0, 0*q = -5*c - 3*q + 7188. What is the hundreds digit of c?
4
Let a = 592 - -2723. What is the thousands digit of a?
3
Let b(c) = c**3 - 6*c**2 - 2*c. Let k(z) = z**3 - 8*z + 3. Let d be k(3). Let l be b(d). Let